 h = -9699 - -9778. List the prime factors of h.
79
Let v = -42472 + 60823. What are the prime factors of v?
3, 2039
Let k(o) = o**3 + 2*o - 165. Let y be k(0). Let g = -15 - y. What are the prime factors of g?
2, 3, 5
Let a = 61 - 18. Let y = 39 - a. What are the prime factors of (-26)/y*(12 + -8)?
2, 13
Let m(z) be the third derivative of -z**4/4 + 25*z**2. Let n be m(10). What are the prime factors of n/(-4)*48/9?
2, 5
Suppose 4*l - 58 - 106 = -4*t, 2*l - 79 = t. List the prime factors of 1/(-5) + 17288/l + -8.
2, 53
Suppose -3*j - 5*c = -24654, -4*j - 3*c + 33034 = 151. What are the prime factors of j?
3, 2741
Let a(w) = 56*w**2 - 51*w + 15. What are the prime factors of a(5)?
2, 5, 29
Let h = -497 - -11002. List the prime factors of h.
5, 11, 191
Suppose -12*c + 94434 = -11*c + 27746. List the prime factors of c.
2, 521
Let x(f) = 6*f + 32. Let s be x(-5). Let b be -9 + (s + -2)/2. What are the prime factors of -4 + 3 + 1 - b*6?
2, 3
List the prime factors of (24 - 5601/(-2))/((-1)/(-6)).
3, 7, 269
Suppose 293*a = 288*a + 16995. List the prime factors of a.
3, 11, 103
Let w(s) = 25*s + 2365. What are the prime factors of w(-46)?
3, 5
Let m be 7 - (-4 + 7) - -673. Let u = 1221 - m. List the prime factors of u.
2, 17
Suppose -3*t - 29 = 4*m, 43 = -4*t - 23*m + 22*m. Let a(c) = 10*c**2 + 18*c - 18. What are the prime factors of a(t)?
2, 7, 71
Suppose 16 = 4*m - 0. Suppose -m*c + 34 = -282. What are the prime factors of c?
79
Let l be (2433 - 1 - -1) + (-855)/171. Suppose -3*a - 400 = 3*f - l, -a - 2*f + 679 = 0. List the prime factors of a.
673
Suppose 25 = -5*j, -625 = -4*o + 3*o + 2*j. Suppose 2*z - 151 - 353 = -4*a, -5*a + 5*z = -o. Let q = a + -12. What are the prime factors of q?
113
Let w = -11618 - -16394. Suppose 0 = -18*c + 22290 - w. List the prime factors of c.
7, 139
Let w = -35958 - -64613. What are the prime factors of w?
5, 11, 521
Suppose 0 = -5*v + 82 - 77. Suppose -4*s + 1821 - v = 0. What are the prime factors of s?
5, 7, 13
Let m(o) = 52*o**3 - 6*o - 1 + 4*o - o**2 - 9*o**3 + 11*o**3. What are the prime factors of m(2)?
3, 47
Suppose -56*u = -50*u + 48. What are the prime factors of (-3518)/u - 2 - 1/(-4)?
2, 3, 73
Let h(z) = -z**3 + 23*z**2 + 73*z - 8. Suppose 7*b - 3*b = 92. What are the prime factors of h(b)?
3, 557
Suppose 7*l - 1081 = -73. Suppose 2*f + 4*x - 288 = l, 4*x - 654 = -3*f. List the prime factors of f.
2, 3, 37
Let m(s) = -17*s**3 + s**2 - s - 3. Let n be m(-1). List the prime factors of n/12 - 10844/(-12).
5, 181
Let x = -88 - -93. Let u(k) = k + 6*k - x - 33*k**2 + 43*k**2. List the prime factors of u(2).
7
Let i = -18 - -28. Let c be ((-32)/(-20))/(4/i). Suppose 0 = 2*g - 3*f - 55, g + c*f - 23 = 7*f. What are the prime factors of g?
2
Let g be (-2)/2 - 4/(4 + 0). Suppose -8*p + 6*p = -70. Let c = p + g. List the prime factors of c.
3, 11
Let k(b) = -11*b - 141. Let t(w) = -3*w - 35. Let j(a) = 2*k(a) - 9*t(a). Let p be j(-5). Suppose -p*s = -6*s - 350. What are the prime factors of s?
5, 7
What are the prime factors of (-202)/(-1616) - (-3)/(48/1154494)?
2, 3, 7, 859
Let n = -143 + 173. Suppose d + n = 121. What are the prime factors of d?
7, 13
Let i(f) = 27*f**2 - 17. Let j(s) = 5*s - 92. Let c be j(17). What are the prime factors of i(c)?
2, 653
Let f(d) = 1181*d + 60. List the prime factors of f(6).
2, 3, 397
Let g(s) be the first derivative of s**3/3 - 7*s**2/2 + 9*s - 19. Let u = 0 + 13. List the prime factors of g(u).
3, 29
Suppose -3*j + 2*c = -43606, 5*j = 194*c - 193*c + 72672. List the prime factors of j.
2, 13, 43
Let y be 0 - 3/2*-2. Suppose -5*j + 160 = 5*u, 124*j = 127*j + 2*u - 97. Suppose 0 = -y*x + 5*i + j, 4*i - 33 = -3*x + 2*i. What are the prime factors of x?
11
Suppose -4112 = -18*s + 11242. Let r = s + -446. List the prime factors of r.
11, 37
Suppose 125*u - 1269581 - 410552 = 4157117. What are the prime factors of u?
2, 3, 43, 181
Let l = -217 + 196. What are the prime factors of l/35 - 913/(-5)?
2, 7, 13
Suppose -7*p - 529 = 45. Let n = -76 - p. List the prime factors of 1/n*4*87.
2, 29
What are the prime factors of -1383*7/(-21) + 3?
2, 29
Let i(o) = 24944*o + 1297. List the prime factors of i(2).
5, 29, 353
Let h(v) = -22*v + 5*v**3 + 23*v + 1 - 3*v**3 + v**2. Let w be h(-1). List the prime factors of ((-1 - (-10 + 2))*-7)/w.
7
Suppose -4 = -102*a + 101*a. Suppose w - 975 = -5*u, w = -a*u + 5*w + 780. Suppose 0 = 3*p - 5*k - 627, 0 = -2*p + p - 3*k + u. What are the prime factors of p?
2, 3, 17
What are the prime factors of (102/(-15))/(9/41220*-4)?
2, 17, 229
Let w(t) = 2*t**2 - 3*t - 7. Let l be w(3). Let u be (5/15*l)/((-4)/(-198)). Let m = u - -25. What are the prime factors of m?
2, 29
Let o = 202 - 188. Suppose 0 = o*f - 13*f - 13. What are the prime factors of f?
13
Let p = 10208 - 2899. List the prime factors of p.
7309
Let j = 42409 + -21136. What are the prime factors of j?
3, 7, 1013
Suppose 0 = -3*o - n - 1078, 2*n + 543 + 181 = -2*o. Let w = o + 402. List the prime factors of w.
2, 11
Let z = 2984 - 2958. List the prime factors of z.
2, 13
Let l(n) = -n**3 + 18*n**2 - 11*n - 30. Let w be l(20). List the prime factors of (-7)/(-1)*w/(-49).
2, 3, 5
What are the prime factors of (-11 - 15/((-150)/(-80)))/(1/(-17))?
17, 19
Let g be (12/(-8))/((-23)/46). Suppose 10*a - 3*u = 5*a + 1395, 0 = -g*a + 4*u + 837. List the prime factors of a.
3, 31
Let b(s) = 1227*s**2 - 36*s - 35. What are the prime factors of b(-1)?
2, 307
Suppose -4*v = -2*r + 24, -4*v - 38 = -4*r + r. Let t = -11 + r. Suppose 4*x - 2*x - a - 91 = 0, 3*a - 114 = -t*x. What are the prime factors of x?
43
Let b(i) = -i**2 + 20*i + 6. Let o be b(17). Let s be (-10)/(-6)*o/(-19). Let a = s - -44. What are the prime factors of a?
3, 13
Let z be 12*(6/(-4))/((-6)/(-16)). What are the prime factors of (z/20)/(5/2350*-2)?
2, 3, 47
Suppose -4*d + 2*l - 1866 = -l, 4*l + 922 = -2*d. Let j = d + 480. List the prime factors of j.
3, 5
What are the prime factors of (0 + 0 + -35)/(-9 + (-134785)/(-14980))?
2, 5, 7, 107
List the prime factors of 1779489/648 + (-1)/8.
2, 1373
Let s(h) = 8*h + 9*h**2 - 24*h + 1 + 9*h + 10*h. What are the prime factors of s(-3)?
73
Let m = 2 + 1. Suppose k = -m*z + 150 + 35, -k + 191 = 5*z. What are the prime factors of k?
2, 11
Suppose 8*f - 52 = 12*f + 4*b, -2*f = -b + 32. List the prime factors of (-11260)/(-12) - (-5)/f.
2, 7, 67
Let d = 147953 - 103763. List the prime factors of d.
2, 3, 5, 491
Suppose -t + 2*x + 27 = 0, 2*t + 24*x - 58 = 27*x. Suppose 0 = -u - 4 + 6, -3*j + 2*u + t = 0. What are the prime factors of j?
13
Let a(y) = 9*y**2 - 1 - 36*y**2 - 83*y**2. Let m be a(1). Let r = m - -304. What are the prime factors of r?
193
Let j be 8/(-36) - (-65)/9. Suppose -2*i + j*i = 480. What are the prime factors of 0/1 + i + -2?
2, 47
Suppose -78*u + 1214978 + 3029236 = 0. List the prime factors of u.
54413
List the prime factors of 7962 - 80/(-16) - (2 + -2).
31, 257
Let d(n) = 3*n**2 + 19*n + 11. Let a be d(-6). Suppose 0 = -a*h + 4*f - 34, -5*h - 25 = 8*f - 3*f. Let v(o) = -15*o - 20. List the prime factors of v(h).
2, 5, 7
Suppose -5*m + 40 = 5*j, -5*m - 53*j = -49*j - 40. Suppose 2*d + 4590 = m*d. What are the prime factors of d?
3, 5, 17
Let a = 1671 + -2391. Let u = a - -1018. List the prime factors of u.
2, 149
What are the prime factors of (66/(-21))/(30/105) - -13692?
13681
Suppose -8180 - 2490 = -8*o + 3*o. List the prime factors of o.
2, 11, 97
Let o(s) = s**3 - 10*s**2 + 9*s - 4. Let k be o(9). Let g be (-10)/((-8)/k) - -3. What are the prime factors of 128/40*(-55)/g?
2, 11
Suppose 13*c + 7435537 = 116*c + 858163. What are the prime factors of c?
2, 3, 29, 367
Let k = -342 - -239. Suppose 4*i - 5*d = 710, -i - 41*d = -40*d - 173. Let x = i + k. What are the prime factors of x?
2, 3
Let x = -4072 + 7187. What are the prime factors of x?
5, 7, 89
Let s(k) = 44*k**2 + 7*k + 12. Suppose 3*y + 3*w = 9, -4*y - 2*w + 16 = -2. Let d be (2/(-3) + 2)/((-4)/y). List the prime factors of s(d).
2, 3, 29
Suppose -5*y - 1647 = -3*k + 88, 2*k - 3*y = 1157. Suppose -k = -9*c + 1184. List the prime factors of c.
2, 7
Suppose -31 = -3*i - 37. Let f = i - -4. What are the prime factors of (-32)/96*51*(0 - f)?
2, 17
Let r = -3768 + 26682. What are the prime factors of r?
2, 3, 19, 67